 w be n(6). Let h = -22 + w. What are the prime factors of h?
2, 3
Let k(c) = -6*c - 4. Let o be k(-10). Suppose -o = -5*y + 94. What are the prime factors of y?
2, 3, 5
Suppose q = 2*q + 2*h - 201, 0 = -5*q + 2*h + 1041. List the prime factors of q.
3, 23
List the prime factors of (72/15)/(4/90).
2, 3
Let s be (-5)/((2/5)/(-2)). Suppose 2 = -f + s. What are the prime factors of f?
23
Let g be 2*(0/1 - -10). Let y = g - 10. List the prime factors of y.
2, 5
Let t = 35 + -28. List the prime factors of t.
7
What are the prime factors of 19426/154 - 2/14?
2, 3, 7
Let l = 1 - -1. Suppose -l = 4*m - 10. Suppose -30 = -5*d + 3*d + 5*y, -2*y + 16 = m*d. What are the prime factors of d?
2, 5
Let q be (12/(-15) + 0)*5. Let t = q - -6. Suppose 0 = -t*f + 5*f - 42. What are the prime factors of f?
2, 7
Let n = 5 + -8. Let d = 0 - n. Suppose -4 = d*c - 28. List the prime factors of c.
2
Let m = 16 - 3. List the prime factors of m.
13
Let z(h) be the first derivative of -h**3/3 + 5*h**2 - 7*h - 5. List the prime factors of z(7).
2, 7
Suppose -g + 2*g = 21. Let u be ((-7)/g)/((-1)/6). Suppose -72 = -6*n + u*n. List the prime factors of n.
2, 3
Let l = -4 - -8. Suppose -4*k - 52 = -8*k. Let t = k - l. List the prime factors of t.
3
Suppose -13 - 15 = -4*d. Let p(g) be the second derivative of -g**4/12 + g**3 + 5*g**2 + 4*g. List the prime factors of p(d).
3
Let l(q) = 2*q**2 - 7*q + 6. Let r(w) = w**3 + 2*w**2 - 5*w - 2. Let t = -5 + 2. Let c be r(t). What are the prime factors of l(c)?
2, 5
Let x(p) = p**2 - 10*p - 8. Let l be x(11). Suppose -l*z + 5*z = 30. List the prime factors of z.
3, 5
Let q be (15/10)/(2/4). Suppose 3 + 6 = q*l. Let x(y) = y**3 - y**2 - 4*y + 2. What are the prime factors of x(l)?
2
Suppose -2*m + 10 = 3*m. Suppose m*c - 5*u - 54 = 0, 0*u = -c + u + 24. What are the prime factors of c?
2, 11
Let d be 2/((-5)/((-110)/4)). Suppose -10 = -3*q + d. What are the prime factors of q?
7
Let t(f) = f - 3. Let p be t(3). Suppose 2*g - 3*g + 2 = p. List the prime factors of g.
2
Suppose 4*o = -x + 3, -7 - 25 = -2*x + 5*o. List the prime factors of x.
11
Let g(z) = z**2 - 15*z - 2. Let k be g(13). Let u = -12 - k. What are the prime factors of u?
2
Suppose -5*a - 32 + 92 = 0. Suppose -d = -0*d + 2*y - a, 2*d - 26 = -5*y. List the prime factors of d.
2
Let s = 132 - -89. List the prime factors of s.
13, 17
Suppose 9 = d - 4. What are the prime factors of d?
13
Let h = -42 - -95. List the prime factors of h.
53
Let a be 3/((-6)/16*-2). Suppose v - 9 = -2*v + 5*w, -a*v + 3*w = -1. Let s = 10 + v. What are the prime factors of s?
2
Let o(d) be the first derivative of -18*d**2 - 2*d - 7. List the prime factors of o(-1).
2, 17
Let i be (-1)/1*15 - -2. Let v(u) = -u + 22. Let w be v(0). Let y = w + i. List the prime factors of y.
3
Let k = 19 + -1. What are the prime factors of k?
2, 3
Suppose -8*l = -4*l + 20. What are the prime factors of 8/20 - 8/l?
2
Let i(p) = -p**3 - 6*p**2 - 10*p + 3. What are the prime factors of i(-6)?
3, 7
Suppose -4*x = -0*x + 76. Let p = -10 - x. List the prime factors of p.
3
Let f be 5 + 0 + 0/(-7). Let q be -1 + 0 + (-3 - -2). Let t = q + f. List the prime factors of t.
3
Suppose 4*h - 104 = 4. Let s = -10 + h. List the prime factors of s.
17
Let h be (1 + -1)*(0 - -1). Let j(f) = -f**2 - f + 5. Let r be j(h). Suppose 0 = r*s + t - 18, 4*t - 5 = s + 4. List the prime factors of s.
3
Let z(p) = p - 2. Let n be z(0). List the prime factors of 150/5*n/(-4).
3, 5
Let b(v) = -v**3 + 9*v**2 + 2*v - 2. Let f be b(7). Suppose -2*y + f = 3*y. List the prime factors of y.
2, 11
Let i = 11 - -31. Suppose 0*c - i = -2*c. List the prime factors of c.
3, 7
Let g(l) = l**3 - 4*l**2 + 2*l - 2. Let t be g(4). Let q be -9 + t/3 - 0. Let i = q + 11. What are the prime factors of i?
2
Suppose -2*j - 2*r - 14 = 0, -4*j + 2*j = 4*r + 18. Let v = j + 10. Suppose v*t + 8*y - 53 = 4*y, -2*t + 16 = -y. List the prime factors of t.
3
Let d(p) = 2*p**2 - p + 2. What are the prime factors of d(3)?
17
Let l be (-9)/15 - (-12192)/20. Suppose 5*p + l = 129. What are the prime factors of (-3)/(-5) + p/(-15)?
7
Let f = -62 - -92. List the prime factors of f.
2, 3, 5
Suppose -8*y + 1344 = 8*y. What are the prime factors of y?
2, 3, 7
Suppose 2*p + 36 = 5*r - 0*r, 2*p = 3*r - 28. Let c(m) = 4*m**2 - 12*m - 4. Let k be c(p). List the prime factors of k/18 - 2/(-3).
2, 5
Let u(k) = 6*k**3 + k. Let r(w) = 2*w**2 + 5*w - 4. Let p be r(-4). Suppose 3*s - p = -2*n + 6*n, 5*n + 2*s = 13. What are the prime factors of u(n)?
7
Let g = 1 + -10. What are the prime factors of 8/6*g/(-1)?
2, 3
Let w be (-46)/(-8) + (-3)/(-12). Let i be 14 + -1 + w/(-2). What are the prime factors of (5 + 10)*8/i?
2, 3
Suppose 5*k + 2*r - 131 - 129 = 0, -240 = -5*k + 2*r. What are the prime factors of k?
2, 5
Let g be (-34)/(-8) - (-6)/(-24). Suppose -w + 20 = 2*r + 3*r, -g*w - r = -118. List the prime factors of w.
2, 3, 5
Suppose 3*m - 124 = 47. Suppose -m = -5*j + w + 5, 4*j = -4*w + 64. What are the prime factors of j?
13
Suppose 4*q = 2*q + a + 47, 3*a + 41 = 2*q. List the prime factors of q.
5
Suppose -h = 4*h + 120. Let y = h - -43. List the prime factors of y.
19
Let k(o) = -o**2 + 7*o + 1. Let i be k(7). Let u(w) = 22*w**3 - 2*w**2 + 1. List the prime factors of u(i).
3, 7
What are the prime factors of (-16)/72 + 1788/27?
2, 3, 11
Suppose b = -5*l + 4*b + 140, 4*l + 5*b = 75. Let u be (5*-3)/(-3) + -1. Suppose v = l - u. What are the prime factors of v?
3, 7
Let l(v) = -v**3 - 9*v - 42. What are the prime factors of l(-7)?
2, 7, 13
Suppose 234 = s + 5*y, -35 - 461 = -2*s - 3*y. List the prime factors of s.
2, 127
Let y(s) = -5*s**2 - 6*s - 5. Let d(x) = 6 + 0*x**2 - x**2 + 6*x + 7*x**2. Let p(i) = 4*d(i) + 5*y(i). What are the prime factors of p(-4)?
7
Let k(n) = n**2 + 6*n - 5. Let y(f) = 2*f**2 + 6*f - 5. Let v(g) = -3*k(g) + 2*y(g). What are the prime factors of v(7)?
2, 3
Let i(t) = -4*t - 5. What are the prime factors of i(-12)?
43
Let u(q) = 5*q + 9. Let v(p) = 2*p**2 + p - 2. Let i be v(-2). List the prime factors of u(i).
29
Suppose -i - 1 = 2*a, 3*a + 4*i = 2*a - 18. Let n(w) = w. Let d be n(a). Suppose -d*z - 3*z + 10 = 0. List the prime factors of z.
2
Suppose 4*n + 5*o - 42 = 0, -n - 20 = -3*n - 3*o. Let l = 31 - n. Let g = l + -10. What are the prime factors of g?
2
Let a = 1 + 3. Suppose -a*z = -2*z. Suppose 4*y + 23 - 71 = z. List the prime factors of y.
2, 3
Suppose 0 = -0*t - 2*t + 5*f + 249, -4*f = -t + 120. Suppose t = 3*p + p. What are the prime factors of p?
3, 11
Suppose 2*v + 0*v + 32 = 2*i, i - 4*v - 19 = 0. Suppose 5*f = i, 3*f - 64 = -4*m - f. List the prime factors of m.
13
What are the prime factors of (-3)/12 - 65/(-4)?
2
Let t(h) = h**3 + 9*h**2 - 5*h - 9. List the prime factors of t(-8).
5, 19
Let z(v) = -8*v + 1 - 2*v**2 + v**2 - 7 + 0*v. What are the prime factors of z(-6)?
2, 3
List the prime factors of 3/(36/920)*24/10.
2, 23
Let p be 2/(-12) + 546/36. Suppose -k + p = 2*k. List the prime factors of k.
5
Let c be 2/(-4) + 7/(-2). Suppose -3*i + 6 = -x + 5*x, -5*x + 7 = 4*i. What are the prime factors of 2 + c + x + 1?
2
Let p(j) = j**3 + 2*j**2 + 4*j + 3. Let x be p(-2). Let h(r) = r**3 + 5*r**2 - 2*r + 7. List the prime factors of h(x).
17
Suppose -8*g + 54 = -5*g. List the prime factors of g.
2, 3
Let n = -14 + 15. Let z = 16 - n. List the prime factors of z.
3, 5
Suppose 18 = -5*k + 6*k. List the prime factors of k.
2, 3
Suppose 0*v = 2*v. List the prime factors of (v + -5)*(3 - 6).
3, 5
Suppose 0 = 2*h + 2*j - 10, 4 = 2*j + 2*j. Suppose h*a + 3*w = -7 + 2, 3*w = 3*a + 9. What are the prime factors of (-35)/(-15) + a/6?
2
Let p = -113 - -198. List the prime factors of p.
5, 17
Let z(b) = 8*b**2 + 2*b + 1. Let a be z(-2). Suppose -5*t + 79 = -q + 18, a = 2*t - 5*q. What are the prime factors of t?
2, 3
Suppose -2*p + 5*w = -9, -4*w = 3*p + 2 - 4. Suppose -t = 3*v - 3*t - 51, -p*v + 27 = t. What are the prime factors of v?
3, 5
Let n be 40/28*(-1 - -8). Let b = 31 - n. What are the prime factors of b?
3, 7
Let g(r) = -2*r - 7. Let m be (-5 - -3)/(0 + 2). Let c(y) = 8*y + 1. Let z be c(m). List the prime factors of g(z).
7
Let h(x) = x**2 - 15*x + 7. Let l = 24 - 11. Let m be h(l). Let i = -8 - m. List the prime factors of i.
11
Let c(x) 